{"version":"1.0","provider_name":"Lebenshilfe Dillenburg e.V.","provider_url":"https:\/\/lebenshilfe-dillenburg.de\/leicht\/","author_name":"Conny Holtfoth","author_url":"https:\/\/lebenshilfe-dillenburg.de\/leicht\/author\/conny\/","title":"Ausstellung verbindet Arbeitswelt und Inklusion - Lebenshilfe Dillenburg e.V.","type":"rich","width":600,"height":338,"html":"<blockquote class=\"wp-embedded-content\" data-secret=\"CCsoLUmPZk\"><a href=\"https:\/\/lebenshilfe-dillenburg.de\/leicht\/ausstellung-verbindet-arbeitswelt-und-inklusion\/\">Ausstellung verbindet Arbeitswelt und Inklusion<\/a><\/blockquote><iframe sandbox=\"allow-scripts\" security=\"restricted\" src=\"https:\/\/lebenshilfe-dillenburg.de\/leicht\/ausstellung-verbindet-arbeitswelt-und-inklusion\/embed\/#?secret=CCsoLUmPZk\" width=\"600\" height=\"338\" title=\"&#8222;Ausstellung verbindet Arbeitswelt und Inklusion&#8220; &#8211; Lebenshilfe Dillenburg e.V.\" data-secret=\"CCsoLUmPZk\" frameborder=\"0\" marginwidth=\"0\" marginheight=\"0\" scrolling=\"no\" class=\"wp-embedded-content\"><\/iframe><script>\n\/*! This file is auto-generated *\/\n!function(d,l){\"use strict\";l.querySelector&&d.addEventListener&&\"undefined\"!=typeof URL&&(d.wp=d.wp||{},d.wp.receiveEmbedMessage||(d.wp.receiveEmbedMessage=function(e){var t=e.data;if((t||t.secret||t.message||t.value)&&!\/[^a-zA-Z0-9]\/.test(t.secret)){for(var s,r,n,a=l.querySelectorAll('iframe[data-secret=\"'+t.secret+'\"]'),o=l.querySelectorAll('blockquote[data-secret=\"'+t.secret+'\"]'),c=new RegExp(\"^https?:$\",\"i\"),i=0;i<o.length;i++)o[i].style.display=\"none\";for(i=0;i<a.length;i++)s=a[i],e.source===s.contentWindow&&(s.removeAttribute(\"style\"),\"height\"===t.message?(1e3<(r=parseInt(t.value,10))?r=1e3:~~r<200&&(r=200),s.height=r):\"link\"===t.message&&(r=new URL(s.getAttribute(\"src\")),n=new URL(t.value),c.test(n.protocol))&&n.host===r.host&&l.activeElement===s&&(d.top.location.href=t.value))}},d.addEventListener(\"message\",d.wp.receiveEmbedMessage,!1),l.addEventListener(\"DOMContentLoaded\",function(){for(var e,t,s=l.querySelectorAll(\"iframe.wp-embedded-content\"),r=0;r<s.length;r++)(t=(e=s[r]).getAttribute(\"data-secret\"))||(t=Math.random().toString(36).substring(2,12),e.src+=\"#?secret=\"+t,e.setAttribute(\"data-secret\",t)),e.contentWindow.postMessage({message:\"ready\",secret:t},\"*\")},!1)))}(window,document);\n\/\/# sourceURL=https:\/\/lebenshilfe-dillenburg.de\/wp-includes\/js\/wp-embed.min.js\n<\/script>\n","thumbnail_url":"https:\/\/lebenshilfe-dillenburg.de\/wp-content\/uploads\/ausstellung-verbindet-arbeitswelt-und-inklusion-img-4398-scaled-3.jpg","thumbnail_width":2560,"thumbnail_height":1808,"description":"F\u00fcr ihn ist das \u201eHobby zum Beruf\u201c geworden. Sie ist die \u201egute Seele\u201c des Hauses. Zuverl\u00e4ssig, hilfsbereit, freundlich \u2013 so werden die Besch\u00e4ftigten der Betriebsintegrierten Besch\u00e4ftigung (BiB) w\u00e4hrend der Vernissage am Mittwochmittag in der Sparkasse in Dillenburg beschrieben. Menschen mit Behinderung, die \u201earbeiten, wo andere auch arbeiten\u201c. So lautet auch der Titel der Foto-Ausstellung, die..."}

Für ihn ist das „Hobby zum Beruf“ geworden. Sie ist die „gute Seele“ des Hauses. Zuverlässig, hilfsbereit, freundlich – so werden die Beschäftigten der Betriebsintegrierten Beschäftigung (BiB) während der Vernissage am Mittwochmittag in der Sparkasse in Dillenburg beschrieben. Menschen mit Behinderung, die „arbeiten, wo andere auch arbeiten“. So lautet auch der Titel der Foto-Ausstellung, die...
