{"version":"1.0","provider_name":"Lebenshilfe Dillenburg e.V.","provider_url":"https:\/\/lebenshilfe-dillenburg.de\/leicht\/","author_name":"Conny Holtfoth","author_url":"https:\/\/lebenshilfe-dillenburg.de\/leicht\/author\/conny\/","title":"Impfstart in den Wohnheimen - Lebenshilfe Dillenburg e.V.","type":"rich","width":600,"height":338,"html":"<blockquote class=\"wp-embedded-content\" data-secret=\"5TLWDL4iLE\"><a href=\"https:\/\/lebenshilfe-dillenburg.de\/leicht\/impfstart-in-den-wohnheimen\/\">Impfstart in den Wohnheimen<\/a><\/blockquote><iframe sandbox=\"allow-scripts\" security=\"restricted\" src=\"https:\/\/lebenshilfe-dillenburg.de\/leicht\/impfstart-in-den-wohnheimen\/embed\/#?secret=5TLWDL4iLE\" width=\"600\" height=\"338\" title=\"&#8222;Impfstart in den Wohnheimen&#8220; &#8211; Lebenshilfe Dillenburg e.V.\" data-secret=\"5TLWDL4iLE\" frameborder=\"0\" marginwidth=\"0\" marginheight=\"0\" scrolling=\"no\" class=\"wp-embedded-content\"><\/iframe><script>\n\/*! This file is auto-generated *\/\n!function(d,l){\"use strict\";l.querySelector&&d.addEventListener&&\"undefined\"!=typeof URL&&(d.wp=d.wp||{},d.wp.receiveEmbedMessage||(d.wp.receiveEmbedMessage=function(e){var t=e.data;if((t||t.secret||t.message||t.value)&&!\/[^a-zA-Z0-9]\/.test(t.secret)){for(var s,r,n,a=l.querySelectorAll('iframe[data-secret=\"'+t.secret+'\"]'),o=l.querySelectorAll('blockquote[data-secret=\"'+t.secret+'\"]'),c=new RegExp(\"^https?:$\",\"i\"),i=0;i<o.length;i++)o[i].style.display=\"none\";for(i=0;i<a.length;i++)s=a[i],e.source===s.contentWindow&&(s.removeAttribute(\"style\"),\"height\"===t.message?(1e3<(r=parseInt(t.value,10))?r=1e3:~~r<200&&(r=200),s.height=r):\"link\"===t.message&&(r=new URL(s.getAttribute(\"src\")),n=new URL(t.value),c.test(n.protocol))&&n.host===r.host&&l.activeElement===s&&(d.top.location.href=t.value))}},d.addEventListener(\"message\",d.wp.receiveEmbedMessage,!1),l.addEventListener(\"DOMContentLoaded\",function(){for(var e,t,s=l.querySelectorAll(\"iframe.wp-embedded-content\"),r=0;r<s.length;r++)(t=(e=s[r]).getAttribute(\"data-secret\"))||(t=Math.random().toString(36).substring(2,12),e.src+=\"#?secret=\"+t,e.setAttribute(\"data-secret\",t)),e.contentWindow.postMessage({message:\"ready\",secret:t},\"*\")},!1)))}(window,document);\n\/\/# sourceURL=https:\/\/lebenshilfe-dillenburg.de\/wp-includes\/js\/wp-embed.min.js\n<\/script>\n","thumbnail_url":"https:\/\/lebenshilfe-dillenburg.de\/wp-content\/uploads\/impfstart-in-den-wohnheimen-sind-froh-dass-es-endlich-losgeht-img-2495-1-scaled-1.jpg","thumbnail_width":2560,"thumbnail_height":1605,"description":"\u201eIch hab\u2019s geschafft. Ich war ganz tapfer. Hat auch gar nicht weh getan.\u201c Lange hat die Lebenshilfe Dillenburg auf diesen Tag gewartet: auf den Auftakt der Sammelimpfungen f\u00fcr den gesamten Wohnbereich. Am Dienstagmorgen r\u00fcckten die Impfteams aus Lahnau bestens vorbereitet zun\u00e4chst an zwei Standorten an \u2013 im Wohnheim in Haiger und im Wohnheim in Manderbach...."}

„Ich hab’s geschafft. Ich war ganz tapfer. Hat auch gar nicht weh getan.“ Lange hat die Lebenshilfe Dillenburg auf diesen Tag gewartet: auf den Auftakt der Sammelimpfungen für den gesamten Wohnbereich. Am Dienstagmorgen rückten die Impfteams aus Lahnau bestens vorbereitet zunächst an zwei Standorten an – im Wohnheim in Haiger und im Wohnheim in Manderbach....
