{"version":"1.0","provider_name":"Lebenshilfe Dillenburg e.V.","provider_url":"https:\/\/lebenshilfe-dillenburg.de\/leicht\/","author_name":"Conny Holtfoth","author_url":"https:\/\/lebenshilfe-dillenburg.de\/leicht\/author\/conny\/","title":"Lebenshilfen fordern Corona-Pr\u00e4mie - Lebenshilfe Dillenburg e.V.","type":"rich","width":600,"height":338,"html":"<blockquote class=\"wp-embedded-content\" data-secret=\"68Mz0QgNLO\"><a href=\"https:\/\/lebenshilfe-dillenburg.de\/leicht\/lebenshilfen-fordern-corona-praemie\/\">Lebenshilfen fordern Corona-Pr\u00e4mie<\/a><\/blockquote><iframe sandbox=\"allow-scripts\" security=\"restricted\" src=\"https:\/\/lebenshilfe-dillenburg.de\/leicht\/lebenshilfen-fordern-corona-praemie\/embed\/#?secret=68Mz0QgNLO\" width=\"600\" height=\"338\" title=\"&#8222;Lebenshilfen fordern Corona-Pr\u00e4mie&#8220; &#8211; Lebenshilfe Dillenburg e.V.\" data-secret=\"68Mz0QgNLO\" frameborder=\"0\" marginwidth=\"0\" marginheight=\"0\" scrolling=\"no\" class=\"wp-embedded-content\"><\/iframe><script>\n\/*! This file is auto-generated *\/\n!function(d,l){\"use strict\";l.querySelector&&d.addEventListener&&\"undefined\"!=typeof URL&&(d.wp=d.wp||{},d.wp.receiveEmbedMessage||(d.wp.receiveEmbedMessage=function(e){var t=e.data;if((t||t.secret||t.message||t.value)&&!\/[^a-zA-Z0-9]\/.test(t.secret)){for(var s,r,n,a=l.querySelectorAll('iframe[data-secret=\"'+t.secret+'\"]'),o=l.querySelectorAll('blockquote[data-secret=\"'+t.secret+'\"]'),c=new RegExp(\"^https?:$\",\"i\"),i=0;i<o.length;i++)o[i].style.display=\"none\";for(i=0;i<a.length;i++)s=a[i],e.source===s.contentWindow&&(s.removeAttribute(\"style\"),\"height\"===t.message?(1e3<(r=parseInt(t.value,10))?r=1e3:~~r<200&&(r=200),s.height=r):\"link\"===t.message&&(r=new URL(s.getAttribute(\"src\")),n=new URL(t.value),c.test(n.protocol))&&n.host===r.host&&l.activeElement===s&&(d.top.location.href=t.value))}},d.addEventListener(\"message\",d.wp.receiveEmbedMessage,!1),l.addEventListener(\"DOMContentLoaded\",function(){for(var e,t,s=l.querySelectorAll(\"iframe.wp-embedded-content\"),r=0;r<s.length;r++)(t=(e=s[r]).getAttribute(\"data-secret\"))||(t=Math.random().toString(36).substring(2,12),e.src+=\"#?secret=\"+t,e.setAttribute(\"data-secret\",t)),e.contentWindow.postMessage({message:\"ready\",secret:t},\"*\")},!1)))}(window,document);\n\/\/# sourceURL=https:\/\/lebenshilfe-dillenburg.de\/wp-includes\/js\/wp-embed.min.js\n<\/script>\n","thumbnail_url":"https:\/\/lebenshilfe-dillenburg.de\/wp-content\/uploads\/lebenshilfen-fordern-corona-praemie-img-2713-scaled-3.jpg","thumbnail_width":2560,"thumbnail_height":1707,"description":"\u201eEs gibt keinen Grund, warum Besch\u00e4ftigte der Eingliederungshilfe erneut keine Corona-Pr\u00e4mie erhalten sollen. Sie wurden von der Politik schon 2020 schlicht vergessen, nun soll sich das wiederholen. Das ist ein Skandal, auf den wir als Lebenshilfen in Gie\u00dfen, Marburg, Dillenburg, Limburg, Wetzlar-Weilburg und Wetterau jetzt gemeinsam aufmerksam machen.\u201c\u00a0Dies haben deren Vorst\u00e4nde und Gesch\u00e4ftsf\u00fchrungen Dirk O\u00dfwald..."}

Lebenshilfen fordern Corona-Prämie - Lebenshilfe Dillenburg e.V.

<blockquote class="wp-embedded-content" data-secret="68Mz0QgNLO"><a href="https://lebenshilfe-dillenburg.de/leicht/lebenshilfen-fordern-corona-praemie/">Lebenshilfen fordern Corona-Prämie</a></blockquote><iframe sandbox="allow-scripts" security="restricted" src="https://lebenshilfe-dillenburg.de/leicht/lebenshilfen-fordern-corona-praemie/embed/#?secret=68Mz0QgNLO" width="600" height="338" title="&#8222;Lebenshilfen fordern Corona-Prämie&#8220; &#8211; Lebenshilfe Dillenburg e.V." data-secret="68Mz0QgNLO" frameborder="0" marginwidth="0" marginheight="0" scrolling="no" class="wp-embedded-content"></iframe><script>
/*! This file is auto-generated */
!function(d,l){"use strict";l.querySelector&&d.addEventListener&&"undefined"!=typeof URL&&(d.wp=d.wp||{},d.wp.receiveEmbedMessage||(d.wp.receiveEmbedMessage=function(e){var t=e.data;if((t||t.secret||t.message||t.value)&&!/[^a-zA-Z0-9]/.test(t.secret)){for(var s,r,n,a=l.querySelectorAll('iframe[data-secret="'+t.secret+'"]'),o=l.querySelectorAll('blockquote[data-secret="'+t.secret+'"]'),c=new RegExp("^https?:$","i"),i=0;i<o.length;i++)o[i].style.display="none";for(i=0;i<a.length;i++)s=a[i],e.source===s.contentWindow&&(s.removeAttribute("style"),"height"===t.message?(1e3<(r=parseInt(t.value,10))?r=1e3:~~r<200&&(r=200),s.height=r):"link"===t.message&&(r=new URL(s.getAttribute("src")),n=new URL(t.value),c.test(n.protocol))&&n.host===r.host&&l.activeElement===s&&(d.top.location.href=t.value))}},d.addEventListener("message",d.wp.receiveEmbedMessage,!1),l.addEventListener("DOMContentLoaded",function(){for(var e,t,s=l.querySelectorAll("iframe.wp-embedded-content"),r=0;r<s.length;r++)(t=(e=s[r]).getAttribute("data-secret"))||(t=Math.random().toString(36).substring(2,12),e.src+="#?secret="+t,e.setAttribute("data-secret",t)),e.contentWindow.postMessage({message:"ready",secret:t},"*")},!1)))}(window,document);
//# sourceURL=https://lebenshilfe-dillenburg.de/wp-includes/js/wp-embed.min.js
</script>

„Es gibt keinen Grund, warum Beschäftigte der Eingliederungshilfe erneut keine Corona-Prämie erhalten sollen. Sie wurden von der Politik schon 2020 schlicht vergessen, nun soll sich das wiederholen. Das ist ein Skandal, auf den wir als Lebenshilfen in Gießen, Marburg, Dillenburg, Limburg, Wetzlar-Weilburg und Wetterau jetzt gemeinsam aufmerksam machen.“ Dies haben deren Vorstände und Geschäftsführungen Dirk Oßwald...
